q - 5. Let c be t(-6). Suppose c*o = -5*r + 39, 0*o + 3*o - 41 = -4*r. What is the units digit of o?
7
Let t = 3677 - -678. What is the thousands digit of t?
4
Suppose 0 = -0*r + 2*r - 44. Suppose 5*o + 3*c = -r, -o + 0*o - 5*c = 22. What is the units digit of 5/(0 + -1 - o)?
5
Let w = 1 - -20. Suppose 23*l - 48 = w*l. What is the units digit of l?
4
Let v be 9/((-2 - 1) + (-520)/(-180)). What is the hundreds digit of 68/(-6)*v/6?
1
Let j(p) = -4*p - 7. Let l be j(-6). Let w = l - -3. Suppose -4*i = w, 6*i = -u + 2*i - 18. What is the units digit of u?
2
Suppose 3*j - r - 12120 = 0, 2 = 4*r - 10. What is the tens digit of j?
4
Let y be 6/(-8) + 812/(-112). What is the units digit of 2/4*y + 24?
0
Let l(k) = 14*k**2 - 6*k - 7. What is the hundreds digit of l(4)?
1
Let b = 141 - 83. Let u = b + 48. What is the units digit of u?
6
Suppose 0 = 14*l - 16*l. Suppose l = -10*x - 0*x + 2960. What is the units digit of x?
6
Suppose -3*w + 8 - 2 = 0. Suppose 45 - 5 = w*v. Let u = v + -12. What is the units digit of u?
8
Suppose -9*g + 1839 = -6*g. What is the tens digit of g?
1
Suppose 3*w = 2*p - p - 258, 0 = 2*p - 6. Let s = w + 158. What is the tens digit of s?
7
Suppose 738 = -g + 1331. What is the tens digit of g?
9
Let w(a) = 2*a**2 - 15*a + 10. Let d be w(7). Suppose -d*v + 56 = -4*x, 3*x = -x - 20. What is the units digit of 21/6*v/7?
6
Suppose -3 = 2*k - 9. Suppose k*l = -l. Suppose 0*f - 4*f + 120 = l. What is the units digit of f?
0
Suppose 17*r + 2415 = 22*r. Suppose 8*g = g + r. What is the units digit of g?
9
Suppose 342 = 2*g + t, -3*t + 334 = 2*g - 0*t. What is the hundreds digit of g?
1
Let l(r) = 200*r + 322. What is the thousands digit of l(13)?
2
Suppose -61*m + 25665 = -2*m. What is the units digit of m?
5
Let w = -174 + 116. Let p = -40 - w. What is the units digit of p?
8
Let r be 4/10 - 106/(-10). Let l be (-4)/16 - (-18)/8. What is the tens digit of l/r - 1145/(-55)?
2
What is the hundreds digit of (-33824)/(-10) - 114/(-190)?
3
Let b(i) = -i**3 + 5*i**2 + 7*i - 6. Let x be b(6). Suppose x = -c + 1 + 1. Suppose -c*q = q - 75. What is the tens digit of q?
2
Let j(q) = -q**3 - 3*q**2 + 7*q + 14. Let i be j(-4). Suppose 0 = -i*a, -3*h + a + 202 = -h. What is the hundreds digit of h?
1
Let h be 45 - (-4)/(-2)*(-1 + 2). Let x = h - -17. What is the tens digit of x?
6
Let y(t) = -2*t**2 - 5*t - 2. Let u be y(-18). Let b = -376 - u. What is the tens digit of b?
8
Suppose -3*d - 4*c = -3*c, -5*c = 2*d. Let g(i) = 3 - 14*i - 11 + i**3 + d*i**2 + 8*i**2. What is the units digit of g(-9)?
7
Let p be -1 + (-10)/(-5) + 2. Suppose q + 5*d - 66 - 12 = 0, -p*d - 130 = -2*q. What is the tens digit of q?
6
Suppose 3*r - 8 = -4*j + r, 0 = -j - r. Suppose 0 = -j*b + 2*b + 108. What is the units digit of b?
4
Suppose 0 = o + 2*j - 25, -4*j - 55 = -5*o - 0*j. Suppose 0 = -3*h - 0*h + o. Suppose h*t = t + 24. What is the units digit of t?
6
Let s(a) = a**3 + 9*a**2 - 8*a + 3. Let k be s(-8). Let m = 92 - k. Let r = -23 - m. What is the tens digit of r?
1
Let u(g) = 2*g**3 - 39*g**2 + 24*g - 30. What is the hundreds digit of u(20)?
8
Suppose 0 = -20*d + 14*d + 5592. What is the tens digit of d?
3
Let d = 2155 - 1251. Let h be 4/20 - d/(-5). Let m = 256 - h. What is the units digit of m?
5
Suppose 4*b = -3*n + 354, 2*n - 91 = -b - 0*n. What is the units digit of b?
7
Suppose -k + 854 = -5*g - 642, -4*g + 12 = 0. What is the thousands digit of k?
1
Suppose -2*o = -41 - 47. What is the units digit of o/6*(3 + 3)?
4
Suppose -3*n = a - 2, a - 2 + 4 = -4*n. Let p = a - -31. What is the tens digit of p?
4
What is the hundreds digit of (-15 + 8 - 1)/(2/(-101))?
4
Let w = 17 - 27. What is the units digit of (-76)/w - (1 + (-12)/30)?
7
Let a be (1 + -20)/(2/(-76)). Let n = -427 + a. What is the tens digit of n?
9
Let n = -163 + 83. What is the tens digit of 2 - n/(-44) - 7432/(-22)?
3
Suppose -3*q - 3*y = -2641 - 2594, -1736 = -q - 4*y. What is the tens digit of q?
4
Let i(j) = -2*j + 2*j**2 + 30 - 31 - 38*j**3 - 4*j**2. Let m be i(-1). Suppose 2*b + 2*p - 43 = -p, 5*p = -2*b + m. What is the tens digit of b?
2
Suppose 4*g = 3*k + 2428, -2*g = -3*g - 3*k + 607. What is the units digit of g?
7
Suppose -263*y + 249*y + 51086 = 0. What is the units digit of y?
9
Let c(j) = 13*j + 182. What is the units digit of c(-3)?
3
What is the thousands digit of (-6 + 36)*(-1040)/(-12)?
2
Suppose 3*y + 81 - 27 = 0. Let i be (2 + 44/(-8))*y. Suppose -b - 3*r + 21 = 0, 7 + i = 4*b + 5*r. What is the units digit of b?
5
Let w be (6/1)/((12/(-9))/(-2)). Let r(u) = -u**3 + 12*u**2 - 9*u + 28. What is the hundreds digit of r(w)?
1
What is the tens digit of 246*(2 - 0)/6?
8
What is the tens digit of (-12)/(-15) + (8 - (-1381)/5)?
8
Suppose -36*g + 30*g = -36. Let s = g - -50. What is the units digit of s?
6
Let r be (-4)/(-5 + 3)*2. What is the tens digit of 1*-4 - (r*-36 + -3)?
4
Suppose 4*v = 3*j + 22, 4*v + 26 = -5*j - 0*v. Let l = 1 + 14. Let w = l + j. What is the units digit of w?
9
Suppose 15*y = 5*y + 530. Let b = y + 35. What is the units digit of b?
8
What is the tens digit of 2795 - (31 + -18) - (-1 + 0)?
8
Suppose 0 = 2*u - 128 - 352. Suppose -u = 10*f - 770. What is the units digit of f?
3
Suppose -3*h - 1560 = -3*m, 2*h - 4*h = 2*m - 1024. What is the units digit of m?
6
Suppose 5*m = 5*u + 14 + 31, -2*u - 25 = -3*m. Suppose m*a = 3*a + 16. Suppose 0 = a*h, b - 10 = -b - 3*h. What is the units digit of b?
5
Let r(u) = -4*u**3 - 4*u - 8. What is the tens digit of r(-3)?
1
What is the thousands digit of (-1773)/(-4 + -5)*23?
4
Suppose 48408 = 17*h + 19525. What is the thousands digit of h?
1
Suppose -2*h - 15 = 5. Suppose 4*y - 20 = 40. Let i = y - h. What is the units digit of i?
5
Let i(s) = -s**3 + s**2 + s - 2. Let q be i(-2). Suppose 4*o + 0 = q. What is the units digit of o?
2
Let b(r) = r + 1. Let g be b(0). Suppose -3*y + 8 = -g. Suppose -y*m + 125 = 2*s - 0, -2*m + 10 = 0. What is the units digit of s?
5
Suppose 52*t = 71*t + 76. Let d = -1 + -1. What is the tens digit of 9/t*6*d?
2
Let b be (4 - 2/3)*9. Let l = b + -18. What is the tens digit of l?
1
Let j(w) be the second derivative of 1/6*w**3 + 4*w + 0 + 7/2*w**2. What is the units digit of j(-5)?
2
Let s(i) be the first derivative of 3*i - 1/4*i**4 + 1/2*i**2 + 5 + 7/3*i**3. What is the tens digit of s(7)?
1
Let l(u) = 7*u + 9. Let w be l(-4). Let m be 1/2 - 174/(-4). Let b = w + m. What is the units digit of b?
5
Suppose 2*b - 5*b = 3*x - 13746, 2*b - 8 = 0. What is the units digit of x?
8
Let h(d) = -d**2 - 10. Let o be h(0). Let a be (-38)/o + 2/10. Suppose 3*b - a*b = -21. What is the units digit of b?
1
Suppose -5*z + 212 - 227 = 0. Let w(k) = -6*k**3 + k**2 - 5*k - 2. What is the units digit of w(z)?
4
Let m(q) = q**2 + 8*q + 3. Let z be m(-9). Let r = -2 + z. What is the tens digit of 70/28*56/r?
1
Let k(x) = -x + 10. Let n be k(11). Let a = 30 + n. Let q = a + -15. What is the units digit of q?
4
Let i be -2*(-2)/(-4) + 19. Suppose -4*g + i = 4*t + 2, -5*g = -t + 10. Suppose 0 = -r + 19 + t. What is the units digit of r?
4
What is the hundreds digit of (51/5)/((-16)/(-480))?
3
Suppose 17*p + 1013 - 6351 = 0. What is the tens digit of p?
1
Suppose -7*l = 216 - 1679. Suppose 4*i - l - 263 = 0. What is the tens digit of i?
1
Suppose -23*b + 3726 = -2806. What is the hundreds digit of b?
2
Suppose v + 75 - 439 = -2*f, 3 = -f. What is the hundreds digit of v?
3
Suppose 9*t + 11 - 38 = 0. Suppose -5*v + 382 = -t*v. What is the tens digit of v?
9
Let u(j) be the third derivative of j**6/24 - j**4/8 + j**3/3 + 5*j**2. What is the units digit of u(1)?
4
Suppose -5*w - 6 = 9, 119 = 4*v - w. Suppose -156 = 27*x - v*x. What is the units digit of x?
8
Suppose -4*b + 4*f + 392 = 0, -2*b - 4*f - 19 + 227 = 0. Suppose -5*m - g = -0*m - 82, -5*g = -5*m + b. Suppose -3*j - m = -104. What is the units digit of j?
9
Let b = -894 - -1388. What is the hundreds digit of b?
4
Suppose 3*h - l - 4280 = 0, -70*h + 65*h + 3*l = -7140. What is the units digit of h?
5
Suppose 4*p - 18 = 5*g, 8 = -3*p + 6*p - g. Suppose -p*t = -32 - 154. What is the units digit of t?
3
Let v(n) = -2*n**2 + 8*n + 14. Let s be v(5). Suppose 2*f + 4*j - 334 = 0, -689 = -s*f - 5*j + 4*j. What is the units digit of f?
3
Let s = 121 - 40. Let p be 